 1208174544?
True
Is 156325902 a multiple of 121?
False
Is 42120319 a multiple of 2000?
False
Does 204 divide 393516?
True
Is 1730 a factor of 179261383?
False
Does 45 divide 241614810?
True
Is 14191447 a multiple of 16?
False
Is 442343176 a multiple of 498?
False
Is 167300493 a multiple of 137?
False
Is 436 a factor of 357410106?
False
Is 44 a factor of 1123999384?
False
Is 47514008 a multiple of 538?
True
Is 3 a factor of 20995632?
True
Is 644 a factor of 55882728?
False
Is 796 a factor of 178710618?
False
Does 2528 divide 51046911?
False
Is 98 a factor of 42196964?
False
Is 217655308 a multiple of 52?
True
Does 56 divide 12817336?
True
Is 2091147039 a multiple of 413?
False
Is 627 a factor of 10484365?
False
Is 9 a factor of 106880409?
True
Is 14 a factor of 360049298?
True
Is 792 a factor of 129567259?
False
Is 8 a factor of 10488960?
True
Does 204 divide 202155432?
True
Is 972430150 a multiple of 4?
False
Is 663289522 a multiple of 3629?
False
Does 289 divide 6108882?
True
Is 6 a factor of 2647140?
True
Is 543 a factor of 907772196?
True
Does 566 divide 99660148?
True
Is 3220 a factor of 91650750?
False
Does 13 divide 184523287?
True
Is 5 a factor of 1634867875?
True
Is 1071173457 a multiple of 5?
False
Is 1444638 a multiple of 104?
False
Is 180 a factor of 229621519?
False
Is 206411458 a multiple of 168?
False
Is 8 a factor of 61128679?
False
Does 809 divide 71808458?
True
Is 9 a factor of 666536013?
True
Is 47431818 a multiple of 14?
True
Is 137790169 a multiple of 64?
False
Is 2313 a factor of 155155205?
False
Is 1597 a factor of 935644350?
False
Is 314 a factor of 137402318?
True
Does 8 divide 611419718?
False
Does 7 divide 15870267?
True
Is 1182830028 a multiple of 1843?
True
Is 288 a factor of 1331008?
False
Does 1824 divide 1438756405?
False
Is 1246 a factor of 2273384316?
True
Is 154010947 a multiple of 2?
False
Is 16287204 a multiple of 123?
False
Is 187 a factor of 604444027?
True
Does 406 divide 106647674?
True
Is 194 a factor of 60356892?
True
Is 47752682 a multiple of 109?
True
Is 587 a factor of 1228774731?
True
Is 56 a factor of 100798824?
True
Is 625525283 a multiple of 3990?
False
Is 2548581 a multiple of 2319?
True
Is 23565915 a multiple of 345?
True
Is 24 a factor of 20651088?
True
Does 2635 divide 68098940?
True
Is 38 a factor of 407466?
False
Does 20 divide 1608824520?
True
Is 4558920 a multiple of 24?
True
Does 25 divide 2482906030?
False
Is 36419838 a multiple of 1466?
True
Does 1137 divide 540694893?
False
Is 3 a factor of 148351467?
True
Is 41185095 a multiple of 12?
False
Is 1368006186 a multiple of 11?
False
Is 1620922507 a multiple of 40?
False
Does 78 divide 3871698?
False
Is 357915572 a multiple of 742?
True
Is 4 a factor of 81521065?
False
Is 65580810 a multiple of 2335?
True
Is 39 a factor of 31434858?
True
Is 682 a factor of 18040634?
False
Does 19 divide 324055811?
True
Is 30063308 a multiple of 44?
True
Is 13588542 a multiple of 6239?
True
Is 38824077 a multiple of 393?
True
Does 70 divide 63148330?
True
Is 63152684 a multiple of 2996?
True
Does 909 divide 1519333506?
True
Is 222 a factor of 143206109?
False
Is 24943698 a multiple of 201?
True
Is 1706081847 a multiple of 311?
False
Is 105330962 a multiple of 211?
False
Is 131412484 a multiple of 1282?
False
Is 43 a factor of 20931798?
True
Is 31666215 a multiple of 21?
True
Does 20 divide 268836500?
True
Does 14 divide 10086806?
False
Is 23 a factor of 31721563?
False
Does 957 divide 67125807?
False
Is 266861925 a multiple of 25?
True
Is 74403444 a multiple of 47?
True
Is 9789120 a multiple of 240?
True
Is 2 a factor of 15478647?
False
Is 98531486 a multiple of 1254?
False
Is 1351602 a multiple of 18?
True
Does 36 divide 206144400?
False
Does 86 divide 11449094?
True
Is 628253308 a multiple of 245?
False
Does 134 divide 65534040?
True
Is 25 a factor of 258187625?
True
Is 769644400 a multiple of 2584?
True
Does 756 divide 1072813896?
True
Is 696 a factor of 242572008?
True
Is 156 a factor of 9069942?
False
Is 10 a factor of 40591341?
False
Does 336 divide 111861609?
False
Is 57869758 a multiple of 13?
False
Is 6 a factor of 369861831?
False
Does 90 divide 179828905?
False
Is 120636922 a multiple of 722?
False
Is 53414448 a multiple of 1956?
True
Is 18 a factor of 865025694?
True
Is 128 a factor of 350398356?
False
Is 459739784 a multiple of 14?
True
Is 25 a factor of 133044134?
False
Is 129393764 a multiple of 225?
False
Is 121 a factor of 2293866?
False
Is 159 a factor of 757040110?
False
Is 56784488 a multiple of 239?
True
Is 22 a factor of 1930745080?
True
Does 2338 divide 88986626?
False
Is 7 a factor of 757302397?
False
Does 1888 divide 101000448?
True
Does 172 divide 12452351?
False
Is 636 a factor of 166457100?
True
Does 881 divide 44892236?
True
Does 10 divide 21870150?
True
Is 656302934 a multiple of 44?
False
Does 1144 divide 955404736?
True
Is 59 a factor of 33904508?
False
Is 109071366 a multiple of 4373?
True
Is 32 a factor of 60593280?
True
Is 83830570 a multiple of 85?
True
Does 6378 divide 543533651?
False
Is 50505583 a multiple of 11?
False
Is 23038472 a multiple of 46?
False
Is 1239 a factor of 847597422?
True
Does 309 divide 7393111?
False
Does 113 divide 1454214617?
False
Does 23 divide 445625966?
True
Is 454430984 a multiple of 7814?
True
Is 997679480 a multiple of 924?
False
Is 240981527 a multiple of 6?
False
Is 18029987 a multiple of 59?
True
Is 2653 a factor of 264764117?
False
Is 7 a factor of 45811182?
False
Is 563 a factor of 94896465?
True
Is 232 a factor of 326902848?
True
Does 1022 divide 198628831?
False
Is 10 a factor of 2609220?
True
Does 31 divide 26299005?
True
Is 2636530 a multiple of 289?
False
Does 42 divide 2791317396?
True
Is 54 a factor of 13333410?
True
Does 237 divide 210237307?
False
Is 277596486 a multiple of 40?
False
Is 747 a factor of 52701129?
False
Is 314 a factor of 34224744?
True
Is 186689361 a multiple of 501?
False
Is 5880671364 a multiple of 7078?
True
Is 329598555 a multiple of 39?
True
Does 968 divide 189713067?
False
Is 4505280511 a multiple of 7236?
False
Is 17047165 a multiple of 59?
True
Is 53 a factor of 89306855?
True
Does 3 divide 310724597?
False
Does 21 divide 4475930?
False
Is 19 a factor of 580557578?
True
Is 466 a factor of 81241974?
True
Is 106 a factor of 121683442?
True
Is 23 a factor of 5283297?
False
Is 274 a factor of 216335591?
False
Is 16356 a factor of 332288496?
True
Is 423550912 a multiple of 125?
False
Is 20 a factor of 78308947?
False
Does 256 divide 12510208?
True
Is 698998 a multiple of 51?
False
Does 7 divide 2368301?
False
Is 148 a factor of 26543504?
True
Is 537420502 a multiple of 55?
False
Does 143 divide 83581554?
False
Is 44 a factor of 54428748?
True
Is 1483 a factor of 22737515?
False
Is 1857387205 a multiple of 89?
False
Is 75697424 a multiple of 319?
True
Is 9 a factor of 39339716?
False
Does 9 divide 66617577?
True
Is 114155611 a multiple of 18?
False
Does 8 divide 992432?
True
Is 1157361 a multiple of 13?
False
Is 136052962 a multiple of 28?
False
Does 3575 divide 269851725?
True
Is 5222941706 a multiple of 1491?
False
Does 7 divide 150055868?
False
Is 70 a factor of 140116620?
True
Is 71 a factor of 2547134301?
True
Does 850 divide 313888543?
False
Does 524 divide 2826373715?
False
Is 4122 a factor of 2140857345?
False
Is 4822863968 a multiple of 28?
False
Is 5 a factor of 289145546?
False
Does 304 divide 144729232?
True
Is 21882536 a multiple of 2687?
False
Is 387116909 a multiple of 327?
False
Is 119 a factor of 8218973?
True
Is 87205496 a multiple of 14?
True
Does 225 divide 1042209450?
True
Does 138 divide 2762044476?
False
Is 16038105 a multiple of 157?
False
Does 1060 divide 115998581?
False
Does 982 divide 21097288?
True
Is 521009228 a multiple of 1234?
False
Is 47 a factor of 1146753?
True
Does 1415 divide 12211820?
False
Is 1791354636 a multiple of 5?
False
Does 117 divide 36334362?
False
Is 952 a factor of 916996864?
True
Is 248598765 a multiple of 58?
False
Is 17 a factor of 5751236?
True
Is 1104614153 a multiple of 3435?
False
Is 132 a factor of 841131229?
False
Is 1449 a factor of 58895295?
False
Does 11 divide 6432160?
False
Is 742 a factor of 8292884?
False
Does 1981 divide 16872177?
True
Is 12275816 a multiple of 56?
True
Does 115 divide